{"id":107,"date":"2019-09-21T12:35:12","date_gmt":"2019-09-21T10:35:12","guid":{"rendered":"https:\/\/www.grenzgang-wollmar.com\/home\/?page_id=107"},"modified":"2020-01-13T17:07:46","modified_gmt":"2020-01-13T16:07:46","slug":"galerie","status":"publish","type":"page","link":"https:\/\/www.grenzgang-wollmar.com\/home\/galerie\/","title":{"rendered":"Galerie"},"content":{"rendered":"\n<p><a href=\"https:\/\/www.grenzgang-wollmar.com\/home\/gruengestaltung-dgh-und-dorfplatz\/\">Gr\u00fcngestaltung DGH und Dorfplatz<\/a><\/p>\n\n\n\n<p><a href=\"https:\/\/www.grenzgang-wollmar.com\/home\/brueckenbau\/\">Br\u00fcckenbau<\/a><\/p>\n\n\n\n<p><a href=\"https:\/\/www.grenzgang-wollmar.com\/home\/grenzgang-2013-totenehrung\/\">Grenzgang 2006 Totenehrung<\/a><\/p>\n\n\n\n<p><a href=\"https:\/\/www.grenzgang-wollmar.com\/home\/grenzgang-2013-fruehstuecksplaetze\/\">Grenzgang 2006 Fr\u00fchst\u00fcckspl\u00e4tze<\/a><\/p>\n\n\n\n<p><a href=\"https:\/\/www.grenzgang-wollmar.com\/home\/schauplatz-der-geschichte\/\">Grenzgang 2006 Schauplatz der Geschichte<\/a><\/p>\n\n\n\n<p><a href=\"https:\/\/www.grenzgang-wollmar.com\/home\/festzug-stadtkapelle-wetter\/\">Festzug Stadtkapelle Wetter<\/a><\/p>\n\n\n\n<p><a href=\"https:\/\/www.grenzgang-wollmar.com\/home\/grenzgang-2013-donnerstag\/\">Grenzgang 2013 Donnerstag<\/a><\/p>\n\n\n\n<p><a href=\"https:\/\/www.grenzgang-wollmar.com\/home\/grenzgang-2013-freitag\/\">Grenzgang 2013 Freitag<\/a><\/p>\n\n\n\n<p><a href=\"https:\/\/www.grenzgang-wollmar.com\/home\/grenzgang-2013-samstag\/\">Grenzgang 2013 Samstag<\/a><\/p>\n\n\n\n<p><a href=\"https:\/\/www.grenzgang-wollmar.com\/home\/grenzgang-2013-sonntag\/\">Grenzgang 2013 Sonntag<\/a><\/p>\n\n\n\n<p><a href=\"https:\/\/www.grenzgang-wollmar.com\/home\/grenzgang-2013-festzug\/\">Grenzgang 2013 Festzug<\/a><\/p>\n\n\n\n<p><a href=\"https:\/\/www.grenzgang-wollmar.com\/home\/grenzgang-2013-schauplatz-der-geschichte\/\">Grenzgang 2013 Schauplatz der Geschichte<\/a><\/p>\n\n\n\n<p><a href=\"https:\/\/www.grenzgang-wollmar.com\/home\/grenzgang-biedenkopf\/\">Grenzgang Biedenkopf<\/a><\/p>\n\n\n\n<p><a href=\"https:\/\/www.grenzgang-wollmar.com\/home\/grenzgang-buchenau\/\">Grenzgang Buchenau<\/a><\/p>\n\n\n\n<p><a href=\"https:\/\/www.grenzgang-wollmar.com\/home\/grenzgang-gossfelden\/\">Grenzgang Go\u00dffelden<\/a><\/p>\n\n\n\n<p><a href=\"https:\/\/www.grenzgang-wollmar.com\/home\/grenzgang-wetter\/\">Grenzgang Wetter<\/a><\/p>\n\n\n\n<p><a href=\"https:\/\/www.grenzgang-wollmar.com\/home\/rueckersfest-laisa\/\">R\u00fcckersfest Laisa<\/a><\/p>\n","protected":false},"excerpt":{"rendered":"<p>Gr\u00fcngestaltung DGH und Dorfplatz Br\u00fcckenbau Grenzgang 2006 Totenehrung Grenzgang 2006 Fr\u00fchst\u00fcckspl\u00e4tze Grenzgang 2006 Schauplatz der Geschichte Festzug Stadtkapelle Wetter Grenzgang 2013 Donnerstag Grenzgang 2013 Freitag Grenzgang 2013 Samstag Grenzgang 2013 Sonntag Grenzgang 2013 Festzug Grenzgang 2013 Schauplatz der Geschichte Grenzgang Biedenkopf Grenzgang Buchenau Grenzgang Go\u00dffelden Grenzgang Wetter R\u00fcckersfest Laisa<\/p>\n","protected":false},"author":1,"featured_media":0,"parent":0,"menu_order":0,"comment_status":"closed","ping_status":"closed","template":"","meta":{"ngg_post_thumbnail":0,"footnotes":""},"class_list":["post-107","page","type-page","status-publish","hentry","wpbf-post"],"yoast_head":"<!-- This site is optimized with the Yoast SEO plugin v26.6 - https:\/\/yoast.com\/wordpress\/plugins\/seo\/ -->\n<title>Galerie : Grenzgangverein Wollmar e.V.<\/title>\n<meta name=\"robots\" content=\"index, follow, max-snippet:-1, max-image-preview:large, max-video-preview:-1\" \/>\n<link rel=\"canonical\" href=\"https:\/\/www.grenzgang-wollmar.com\/home\/galerie\/\" \/>\n<meta property=\"og:locale\" content=\"de_DE\" \/>\n<meta property=\"og:type\" content=\"article\" \/>\n<meta property=\"og:title\" content=\"Galerie : Grenzgangverein Wollmar e.V.\" \/>\n<meta property=\"og:description\" content=\"Gr\u00fcngestaltung DGH und Dorfplatz Br\u00fcckenbau Grenzgang 2006 Totenehrung Grenzgang 2006 Fr\u00fchst\u00fcckspl\u00e4tze Grenzgang 2006 Schauplatz der Geschichte Festzug Stadtkapelle Wetter Grenzgang 2013 Donnerstag Grenzgang 2013 Freitag Grenzgang 2013 Samstag Grenzgang 2013 Sonntag Grenzgang 2013 Festzug Grenzgang 2013 Schauplatz der Geschichte Grenzgang Biedenkopf Grenzgang Buchenau Grenzgang Go\u00dffelden Grenzgang Wetter R\u00fcckersfest Laisa\" \/>\n<meta property=\"og:url\" content=\"https:\/\/www.grenzgang-wollmar.com\/home\/galerie\/\" \/>\n<meta property=\"og:site_name\" content=\"Grenzgangverein Wollmar e.V.\" \/>\n<meta property=\"article:publisher\" content=\"https:\/\/www.facebook.com\/GrenzgangvereinWollmar\" \/>\n<meta property=\"article:modified_time\" content=\"2020-01-13T16:07:46+00:00\" \/>\n<meta name=\"twitter:card\" content=\"summary_large_image\" \/>\n<script type=\"application\/ld+json\" class=\"yoast-schema-graph\">{\"@context\":\"https:\/\/schema.org\",\"@graph\":[{\"@type\":\"WebPage\",\"@id\":\"https:\/\/www.grenzgang-wollmar.com\/home\/galerie\/\",\"url\":\"https:\/\/www.grenzgang-wollmar.com\/home\/galerie\/\",\"name\":\"Galerie : Grenzgangverein Wollmar e.V.\",\"isPartOf\":{\"@id\":\"https:\/\/www.grenzgang-wollmar.com\/home\/#website\"},\"datePublished\":\"2019-09-21T10:35:12+00:00\",\"dateModified\":\"2020-01-13T16:07:46+00:00\",\"breadcrumb\":{\"@id\":\"https:\/\/www.grenzgang-wollmar.com\/home\/galerie\/#breadcrumb\"},\"inLanguage\":\"de\",\"potentialAction\":[{\"@type\":\"ReadAction\",\"target\":[\"https:\/\/www.grenzgang-wollmar.com\/home\/galerie\/\"]}]},{\"@type\":\"BreadcrumbList\",\"@id\":\"https:\/\/www.grenzgang-wollmar.com\/home\/galerie\/#breadcrumb\",\"itemListElement\":[{\"@type\":\"ListItem\",\"position\":1,\"name\":\"Startseite\",\"item\":\"https:\/\/www.grenzgang-wollmar.com\/home\/\"},{\"@type\":\"ListItem\",\"position\":2,\"name\":\"Galerie\"}]},{\"@type\":\"WebSite\",\"@id\":\"https:\/\/www.grenzgang-wollmar.com\/home\/#website\",\"url\":\"https:\/\/www.grenzgang-wollmar.com\/home\/\",\"name\":\"Grenzgangverein Wollmar\",\"description\":\"\",\"publisher\":{\"@id\":\"https:\/\/www.grenzgang-wollmar.com\/home\/#organization\"},\"potentialAction\":[{\"@type\":\"SearchAction\",\"target\":{\"@type\":\"EntryPoint\",\"urlTemplate\":\"https:\/\/www.grenzgang-wollmar.com\/home\/?s={search_term_string}\"},\"query-input\":{\"@type\":\"PropertyValueSpecification\",\"valueRequired\":true,\"valueName\":\"search_term_string\"}}],\"inLanguage\":\"de\"},{\"@type\":\"Organization\",\"@id\":\"https:\/\/www.grenzgang-wollmar.com\/home\/#organization\",\"name\":\"Grenzgangverein Wollmar\",\"url\":\"https:\/\/www.grenzgang-wollmar.com\/home\/\",\"logo\":{\"@type\":\"ImageObject\",\"inLanguage\":\"de\",\"@id\":\"https:\/\/www.grenzgang-wollmar.com\/home\/#\/schema\/logo\/image\/\",\"url\":\"https:\/\/i0.wp.com\/www.grenzgang-wollmar.com\/wp-content\/uploads\/2019\/09\/Fahne.jpg?fit=295%2C395&ssl=1\",\"contentUrl\":\"https:\/\/i0.wp.com\/www.grenzgang-wollmar.com\/wp-content\/uploads\/2019\/09\/Fahne.jpg?fit=295%2C395&ssl=1\",\"width\":295,\"height\":395,\"caption\":\"Grenzgangverein Wollmar\"},\"image\":{\"@id\":\"https:\/\/www.grenzgang-wollmar.com\/home\/#\/schema\/logo\/image\/\"},\"sameAs\":[\"https:\/\/www.facebook.com\/GrenzgangvereinWollmar\"]}]}<\/script>\n<!-- \/ Yoast SEO plugin. -->","yoast_head_json":{"title":"Galerie : Grenzgangverein Wollmar e.V.","robots":{"index":"index","follow":"follow","max-snippet":"max-snippet:-1","max-image-preview":"max-image-preview:large","max-video-preview":"max-video-preview:-1"},"canonical":"https:\/\/www.grenzgang-wollmar.com\/home\/galerie\/","og_locale":"de_DE","og_type":"article","og_title":"Galerie : Grenzgangverein Wollmar e.V.","og_description":"Gr\u00fcngestaltung DGH und Dorfplatz Br\u00fcckenbau Grenzgang 2006 Totenehrung Grenzgang 2006 Fr\u00fchst\u00fcckspl\u00e4tze Grenzgang 2006 Schauplatz der Geschichte Festzug Stadtkapelle Wetter Grenzgang 2013 Donnerstag Grenzgang 2013 Freitag Grenzgang 2013 Samstag Grenzgang 2013 Sonntag Grenzgang 2013 Festzug Grenzgang 2013 Schauplatz der Geschichte Grenzgang Biedenkopf Grenzgang Buchenau Grenzgang Go\u00dffelden Grenzgang Wetter R\u00fcckersfest Laisa","og_url":"https:\/\/www.grenzgang-wollmar.com\/home\/galerie\/","og_site_name":"Grenzgangverein Wollmar e.V.","article_publisher":"https:\/\/www.facebook.com\/GrenzgangvereinWollmar","article_modified_time":"2020-01-13T16:07:46+00:00","twitter_card":"summary_large_image","schema":{"@context":"https:\/\/schema.org","@graph":[{"@type":"WebPage","@id":"https:\/\/www.grenzgang-wollmar.com\/home\/galerie\/","url":"https:\/\/www.grenzgang-wollmar.com\/home\/galerie\/","name":"Galerie : Grenzgangverein Wollmar e.V.","isPartOf":{"@id":"https:\/\/www.grenzgang-wollmar.com\/home\/#website"},"datePublished":"2019-09-21T10:35:12+00:00","dateModified":"2020-01-13T16:07:46+00:00","breadcrumb":{"@id":"https:\/\/www.grenzgang-wollmar.com\/home\/galerie\/#breadcrumb"},"inLanguage":"de","potentialAction":[{"@type":"ReadAction","target":["https:\/\/www.grenzgang-wollmar.com\/home\/galerie\/"]}]},{"@type":"BreadcrumbList","@id":"https:\/\/www.grenzgang-wollmar.com\/home\/galerie\/#breadcrumb","itemListElement":[{"@type":"ListItem","position":1,"name":"Startseite","item":"https:\/\/www.grenzgang-wollmar.com\/home\/"},{"@type":"ListItem","position":2,"name":"Galerie"}]},{"@type":"WebSite","@id":"https:\/\/www.grenzgang-wollmar.com\/home\/#website","url":"https:\/\/www.grenzgang-wollmar.com\/home\/","name":"Grenzgangverein Wollmar","description":"","publisher":{"@id":"https:\/\/www.grenzgang-wollmar.com\/home\/#organization"},"potentialAction":[{"@type":"SearchAction","target":{"@type":"EntryPoint","urlTemplate":"https:\/\/www.grenzgang-wollmar.com\/home\/?s={search_term_string}"},"query-input":{"@type":"PropertyValueSpecification","valueRequired":true,"valueName":"search_term_string"}}],"inLanguage":"de"},{"@type":"Organization","@id":"https:\/\/www.grenzgang-wollmar.com\/home\/#organization","name":"Grenzgangverein Wollmar","url":"https:\/\/www.grenzgang-wollmar.com\/home\/","logo":{"@type":"ImageObject","inLanguage":"de","@id":"https:\/\/www.grenzgang-wollmar.com\/home\/#\/schema\/logo\/image\/","url":"https:\/\/i0.wp.com\/www.grenzgang-wollmar.com\/wp-content\/uploads\/2019\/09\/Fahne.jpg?fit=295%2C395&ssl=1","contentUrl":"https:\/\/i0.wp.com\/www.grenzgang-wollmar.com\/wp-content\/uploads\/2019\/09\/Fahne.jpg?fit=295%2C395&ssl=1","width":295,"height":395,"caption":"Grenzgangverein Wollmar"},"image":{"@id":"https:\/\/www.grenzgang-wollmar.com\/home\/#\/schema\/logo\/image\/"},"sameAs":["https:\/\/www.facebook.com\/GrenzgangvereinWollmar"]}]}},"jetpack_sharing_enabled":true,"_links":{"self":[{"href":"https:\/\/www.grenzgang-wollmar.com\/home\/wp-json\/wp\/v2\/pages\/107","targetHints":{"allow":["GET"]}}],"collection":[{"href":"https:\/\/www.grenzgang-wollmar.com\/home\/wp-json\/wp\/v2\/pages"}],"about":[{"href":"https:\/\/www.grenzgang-wollmar.com\/home\/wp-json\/wp\/v2\/types\/page"}],"author":[{"embeddable":true,"href":"https:\/\/www.grenzgang-wollmar.com\/home\/wp-json\/wp\/v2\/users\/1"}],"replies":[{"embeddable":true,"href":"https:\/\/www.grenzgang-wollmar.com\/home\/wp-json\/wp\/v2\/comments?post=107"}],"version-history":[{"count":10,"href":"https:\/\/www.grenzgang-wollmar.com\/home\/wp-json\/wp\/v2\/pages\/107\/revisions"}],"predecessor-version":[{"id":3213,"href":"https:\/\/www.grenzgang-wollmar.com\/home\/wp-json\/wp\/v2\/pages\/107\/revisions\/3213"}],"wp:attachment":[{"href":"https:\/\/www.grenzgang-wollmar.com\/home\/wp-json\/wp\/v2\/media?parent=107"}],"curies":[{"name":"wp","href":"https:\/\/api.w.org\/{rel}","templated":true}]}}